g(x) = 4*f(x) - 3*m(x). What is g(3)?
0
Let o(j) = j**2 + 9*j + 10. Suppose 5*g + 13 = -22. Calculate o(g).
-4
Let v(u) = u**3 - u**2 - u. Suppose 3*h = -3*f - h + 13, -4*h + 12 = 4*f. What is v(f)?
-1
Suppose 2*y - 12 = -10. Let x(a) be the first derivative of -a + 0*a**3 + 1/2*a**2 - 3/4*a**4 - 2. Give x(y).
-3
Let f(p) be the third derivative of -1/6*p**3 + 0*p + 0 - 1/24*p**4 + 2*p**2. Determine f(1).
-2
Let c(g) = g - 9. Suppose -48*p = -46*p - 18. Calculate c(p).
0
Let o be 3 - (0 + 3/3). Let x(m) = 8*m + m**2 - 12*m + 7*m + o. Determine x(-2).
0
Let j(d) be the third derivative of -d**4/8 - 2*d**3/3 - 3*d**2. Let m be j(-3). Let v(l) = 5 - m + 4*l**2 - 2*l - l**3 - l. Determine v(2).
2
Let k(f) = f**3 - 4*f**2 - 5*f + 6. Suppose 0 = 2*u + 4*m - 6, 2*m - 6 = -4*u + 12. Give k(u).
6
Let p(o) = -5 - 5*o**2 + 7*o - 4 + 11 - 3 - o**3. What is p(-6)?
-7
Let b(i) = -i**2 - 6*i + 2. Suppose -2*d + 45 = -5*q, -d - 2 = q - 0. Calculate b(q).
-5
Let f(g) = g**3 - 7*g**2 + g - 5. Let k be f(7). Suppose h - l = 2, 0*l + 6 = 3*h + 3*l. Let v(j) = 0*j**2 - 2*j**h - j + j**2 + j**3. Give v(k).
2
Let k(d) = -d + 7. Let r be k(7). Suppose -5*q = -u + 5*u + 27, r = 5*q + 3*u + 24. Let w(v) = -v + 4. Calculate w(q).
7
Let h(o) = -4*o + 6*o + o + 3*o. Determine h(-1).
-6
Suppose m - 6*m + 5 = 0. Let p(v) = 3*v**2 - 6*v + 5. Let x = 47 - 51. Let q(j) = j**2 - j + 1. Let z(c) = m*p(c) + x*q(c). What is z(-4)?
-7
Let c(k) = k - 1. Let x be (2/2)/(10/20). Give c(x).
1
Let o = 3 + -6. Let r = -6 + 4. Let f = o - r. Let m(v) = 7*v + 1. Determine m(f).
-6
Let w(i) = i**3 + 5*i**2 - 6*i. Suppose -5*d - a = -3*a + 34, 5*d - 3*a + 36 = 0. Determine w(d).
0
Let u(p) be the third derivative of -p**4/24 - p**3/2 + 12*p**2. Give u(-7).
4
Let s(g) = 2*g - 7. Let p be s(5). Let b(v) = -p*v + 2 + v + 0*v - 1. Suppose 4*y = -3 - 5. Calculate b(y).
5
Let h(f) = 3*f - 1. Let z(b) = -b**3 + 13*b**2 - 13*b + 14. Let k be z(12). Determine h(k).
5
Let n(x) = x - 3. Let i(h) = h**3 - 9*h**2 + 8*h. Let v be i(8). Give n(v).
-3
Let w = -5 + 8. Let t = -9 - -12. Let i = w - t. Let r(z) = z**3 - z + 5. What is r(i)?
5
Let t = -3 - -8. Suppose -27 + 7 = t*d. Let f = d + 0. Let o(x) = -x**3 - 5*x**2 - 5*x + 2. What is o(f)?
6
Let t(i) = -5*i**3 - 10*i**2 + 2*i + 4. Let f(h) = 4*h**3 + 9*h**2 - h - 3. Let g(k) = -6*f(k) - 5*t(k). What is g(5)?
3
Let s be (0 - 2)*2/(-4). Suppose -4*k = -3*j + 30 - 4, -3*k - 17 = -j. Let r(b) = 3 + j + 6*b - 6. Calculate r(s).
5
Let l(x) = x**2 + x + 1. Let n(b) = 3*b + 2. Let p be n(-1). Determine l(p).
1
Let f be (9 - 12)*10/(-6). Let s(k) = k**2 - 7*k + 5. Determine s(f).
-5
Let n(i) = -i**3 + 2*i**2 + 4. Suppose -12 = 12*u - 16*u. What is n(u)?
-5
Let p(s) = -1 - 4*s**3 - 11*s**3 + 4*s**2 + s**3 - 2*s**2. Give p(-1).
15
Let q(s) = -s - 1. Let k be q(-1). Suppose k = -4*f - f. Let x(h) = -h**2 - h - 6. What is x(f)?
-6
Let i(u) = 4*u + 0*u**2 + 0*u**2 - 3 + u**2. Let p be i(-5). Let j(z) = 1 + 3 + z**3 + 1 + z + 5*z**p. Give j(-5).
0
Let s(k) be the first derivative of k**3/3 + 3*k**2 - 5. Determine s(-5).
-5
Suppose o = -o - 2. Let b(l) be the first derivative of l**4/2 - 2*l**3/3 - l**2/2 - 46. Give b(o).
-3
Let c(f) = -f**3 + 6*f**2 - 8*f + 4. Let s be c(4). Let t(i) = -i + 4. Calculate t(s).
0
Let j(m) = 2*m**2 + 6*m. Let x be -6 - (0 - 2 - 0). Determine j(x).
8
Let r(y) be the second derivative of 0*y**2 + 1/4*y**4 + 1/720*y**6 + 0 - 3*y - 1/60*y**5 + 0*y**3. Let i(u) be the third derivative of r(u). Give i(3).
1
Let b be (0 - (-1)/(-1)) + -4. Let w(h) = h**2 + 5*h - 4. Calculate w(b).
-4
Suppose 2*s = 4*s - 6. Let u(m) = 95*m**s + 2 - 88*m**3 - 1. Calculate u(-1).
-6
Suppose 2*z + 2*z + 4*p - 8 = 0, -2*z - 4*p = 0. Suppose -5*k + 7 = -13. Suppose z*h + 0 = k. Let d(t) = -4*t + 1. Determine d(h).
-3
Let u = 3 + 0. Let m(t) = -2*t - 7 + t**3 + 0*t - t**2 + u*t. Let h(w) = w**3 - 4*w**2 + 4*w - 3. Let a be h(3). What is m(a)?
-7
Let i(j) = 5*j**2 - 5*j - 49. Let l(u) = -u**2 + u + 12. Let o(n) = 2*i(n) + 9*l(n). Determine o(0).
10
Let m(l) = l**3 + 3*l**2 + 3*l + 1. Let g(j) = -j**2 + 6*j - 7. Let c be g(5). Determine m(c).
-1
Let w(h) = h**2 - 2*h - 5. Suppose 4*l = -5*r + 21, 0*r + 5*l - 23 = -3*r. Let o = 3 + r. Give w(o).
3
Let a(x) = x**3 + x. Let p(r) = 9*r**3 + 2*r. Let u(d) = -2*a(d) + p(d). Determine u(1).
7
Let w(s) be the third derivative of s**5/60 + s**4/8 + 5*s**3/6 - s**2. Let j(i) = 0*i + 2 + 2*i**2 + 7*i + 9 + 0*i**2. Let a(o) = 4*j(o) - 9*w(o). Give a(0).
-1
Let r(w) be the third derivative of -w**5/30 - w**4/12 + w**3/2 + 8*w**2. Give r(2).
-9
Let m(y) = y - 2*y - 1 - 2. Give m(3).
-6
Let t(x) = -4 + 2 - 2*x + 2. Give t(-1).
2
Let w(h) be the first derivative of -2*h**3 + h**2 - h - 57. What is w(2)?
-21
Let v(n) = -3*n - n - 4*n + 3*n. Calculate v(1).
-5
Let d be (2*-3)/2 - 42. Let q be d/(-6)*(-16)/20. Let c(p) = p**3 + 6*p**2 - p - 5. Calculate c(q).
1
Let v be (-2)/3 + 19/(-3). Let d = v - -19. Suppose -3*m = 5*i + 16, -4*i - d = -2*m + 4*m. Let q(f) = f + 2. Calculate q(m).
0
Suppose -4*c + 8 = 0, 0 = -3*l - 2*c + 3*c + 4. Let h(t) = -16*t - t**3 + 7*t**l + 3*t + 3 + 7*t. What is h(6)?
3
Suppose 2*y = 4, -4*h - 2*y = 3 + 5. Suppose -4*i + 24 = 4*k, 5*k = 4*i + 5 + 7. Let s(u) = -1 + 10*u**3 + 3*u**i + 4 + u**2 - 9*u**3 + 2*u. Calculate s(h).
6
Suppose 0 = -q - q + 14. Let n(j) = 4*j + 0*j + j - j + j**2 - q. Calculate n(-6).
5
Let w(b) = -3 + 3 - b. Let r be w(-5). Let a(h) be the first derivative of -h**3/3 + 5*h**2/2 - 2*h + 4. Give a(r).
-2
Let m(d) = -d**3 - 9*d**2 - 4. Let t be m(-9). Let j(x) = -3*x + 6*x - x. What is j(t)?
-8
Let y(q) = q**3 - 6*q**2 + 4*q + 6. Suppose -2*j + 8 + 0 = 0. Suppose -23 = -j*w + 41. Suppose 3*z - 19 = -2*d, -5*z = -z - 2*d - w. Give y(z).
1
Let o(z) = 2*z**2 - z - 1 - z**2 - 2*z**2. Suppose -11*c + 16*c = 10. Determine o(c).
-7
Let q = 4 - 1. Let b(i) = 3*i - i - i - q*i. Determine b(2).
-4
Let h(f) = -f**3 - 5*f**2 + 4*f + 8. Let t be h(-6). Suppose -2*d + t = 3*d. Let a(j) = 2*j - 3. Determine a(d).
5
Suppose 2 = i + 3. Let k(l) = 4*l**2 - 2*l - 1. Give k(i).
5
Let a(y) = -5*y - 2 - 9*y**3 + 6*y**3 + y**2 + 4*y**3. Give a(-3).
-5
Suppose -2*k + 8 = -6*k. Let d be 5/k*(-3 - -1). Let s(p) = d*p + 2 - p + 2 - p. Determine s(-3).
-5
Let z(g) = -4*g + 7. Let v(c) = -7*c + 13. Let t(x) = 6*v(x) - 11*z(x). Let o be (-3)/15 + 57/(-15). Let j = o + 1. Give t(j).
-5
Let r = 1 + 4. Let g(t) be the third derivative of t**6/120 - t**5/15 - t**4/12 - 7*t**3/6 - t**2. Determine g(r).
8
Suppose -4*k - 37 = -3*r, -r = -8*k + 6*k - 17. Let g(w) = -w**3 - 7*w**2 - 2*w - 6. What is g(k)?
8
Let k be (16/(-40))/((-6)/5). Let r(d) be the first derivative of k*d**3 + 2 + 6*d - 7/2*d**2. Give r(5).
-4
Let f(x) = x**3 + 9*x**2 + 12*x - 6. Let n be f(-6). Suppose -2*i = -3 - 9. Suppose 0 = i*l - l - n. Let a(u) = u**2 - 7*u + 9. What is a(l)?
3
Suppose 0*b = -m + b - 5, 2*m + 7 = 3*b. Let x = -11 - m. Let u(v) be the first derivative of -v**3/3 - v**2 + 1. Calculate u(x).
-3
Suppose 4*d - a + 10 = 21, 0 = d - a - 2. Let x(f) = -3*f**2 + f - 2. Let y(r) = 13*r**2 - 3*r + 7. Let t(q) = -9*x(q) - 2*y(q). Calculate t(d).
4
Let y(h) = -h**2 + 2. Let q be -1*1 - (-3)/3. Suppose 0 = 3*c - q*c. Give y(c).
2
Let o(v) = v**2 - v - 2. Let d(k) = -k**3 - 6*k**2 + 8*k + 5. Let c = -2 - 5. Let j be d(c). Determine o(j).
4
Let y(g) be the first derivative of g**4/4 + 10*g**3/3 - g**2 - 15*g + 7. Let o be y(-10). Let q(s) = s**3 - 5*s**2 + 3*s. What is q(o)?
15
Let f(u) be the first derivative of u**5/60 + 2*u**3/3 + 3*u**2/2 - 2. Let p(k) be the second derivative of f(k). Determine p(-3).
13
Let p(i) = 3*i**3 - 2*i**2 + 2*i - 1. Let z be p(1). Let q(b) = 0*b**3 + 4*b - 6*b**z + 2*b**3 + 3*b**3 - 4*b**3 - 1. Calculate q(5).
-6
Suppose -18*r - 13 = -5*r. Let m(n) = 7*n**2 + n + 1. What is m(r)?
7
Let v(b) be the third derivative of 7*b**5/30 + b**3/6 - 2*b**2. Let g be v(1). Suppose 20 = -t - 5*s, -4*t - s + g = -0. Let k(c) = -c + 7. Give k(t).
2
Let j(t) = t**2 + 4*t - 2. Let w be 8/(-24) + 1/3. Suppose 4*b + b + 20 = w. Give j(b).
-2
Let r(k) = -4*k + 1. Let t = -26 - -24. What is r(t)?
9
Let o(v) = -4*v**2 + 6*v + 7. Let m(f) = 8*f**2 + f**2 - 8 - 6*f - 6*f**2. Let p(w) = -3*m(w) - 2*o(w). Let y be p(7). Let c(z) = 4*z - 4. 